vided by 15.
0
Let j = -11961 + 11985. Let i = 12 + -22. What is the remainder when 688/20 + 4/i is divided by j?
10
What is the remainder when 718 is divided by 6*-1 - (-3472)/48*(-5 - -8)?
85
Suppose -2*b + 7*b + 266 = 3*u, 4*u + 3*b = 374. Calculate the remainder when 381 is divided by u.
13
Let q be (-1 - -9) + (-8 - -2). Suppose c = -3*r + 6, 3*r - r = 2*c - 44. Suppose q*m - c = 18. What is the remainder when 71 is divided by m?
17
Suppose 1463 = 4*r + 209*u - 204*u, -3*r + 1098 = 3*u. What is the remainder when r is divided by (7/(-3) + -1)*-3?
7
Let b(y) = 202*y**3 - 29*y + 202*y**3 - 18 - 403*y**3 + 10*y**2. Calculate the remainder when b(-12) is divided by 15.
12
Let c(d) = 176*d + 18047. Calculate the remainder when c(-91) is divided by 5.
1
Suppose -38649 + 255712 = 2679*i + 140*i. Let k(h) = -4*h - 3. Calculate the remainder when i is divided by k(-4).
12
Suppose -4*i + 349 + 183 = -3*g, 2*g + 665 = 5*i. Calculate the remainder when 163 is divided by i.
30
Let g = -67 - -70. Suppose g*r - 155 + 56 = 0. What is the remainder when 130 is divided by r?
31
Suppose 5*z - 3*b + 3 = 3*z, 4*z - 4*b + 4 = 0. Suppose 4*a + 40 = 4*w, -2*w - w - 3*a = z. What is the remainder when 29 is divided by 5/w*8*1?
5
Let u(o) = 2*o - 6. Let s be (-100)/(-15) - (-2)/(-3). Let q be u(s). Suppose q*c - 18 = 5*c. What is the remainder when 69 is divided by c?
15
Let d(u) = -u**3 - 9*u**2 + 6*u - 3. Let b be d(-10). Let r = b + -23. Calculate the remainder when 6 is divided by 2/3 + 0 + r/6.
0
Suppose -1429 = 34*v - 2007. What is the remainder when 413 is divided by v?
5
Suppose 17*i = 14*i - 18*i + 3990. Calculate the remainder when 238 is divided by i.
48
Let q(x) = x**2 - x + 5. Let a be (3/(-9))/((-3)/36). Calculate the remainder when (3 - 940/(-14) - 4) + (-2)/14 is divided by q(a).
15
Suppose 21*v = 20*v. Suppose -16*t - 298 + 730 = v. Calculate the remainder when 103 is divided by t.
22
Let z(r) = r**2 + 10*r + 54. Calculate the remainder when 430 is divided by z(-9).
25
Suppose 0 = 2268*y - 2546*y + 1837024. Calculate the remainder when y is divided by 76.
72
Let w = -72 - -156. Suppose -2*h - 28 = -w. What is the remainder when h is divided by 2?
0
Let h = -146 - -177. Suppose -4*u - 2*d + 6*d + 40 = 0, 3*d + 15 = 2*u. Suppose -u*c + h = -89. Calculate the remainder when 19 is divided by c.
3
Let u = -234 - -38. Let x = u + 200. Calculate the remainder when (-10 + -1)/(1/(-2)) is divided by x.
2
Let l = 59 + -39. Suppose l*u - 8*u = 132. Calculate the remainder when 1/3 - (-53)/3 is divided by u.
7
Suppose -18*s - 4*i + 52 = -16*s, -2*i - 6 = -s. Let c be (-2)/7 + (-1280)/(-70). What is the remainder when (-695)/(-9) + (-4)/c is divided by s?
13
Let v = 11 - 7. Suppose 0 = 5*j - j - 40. Let k = 17 - j. Calculate the remainder when k is divided by v.
3
Let k(y) = -y**3 - 4*y**2 + 3*y - 106. Let n be k(0). What is the remainder when 194 is divided by -2*(n/4 + -7)?
60
Let b(o) = o**2 - 20*o + 9. Calculate the remainder when b(22) is divided by (11 - 0) + (2 - 0 - 7).
5
Let g(r) = r**2 + 18*r - 224. What is the remainder when 1442 is divided by g(-27)?
17
Let n = -30804 + 48621. Calculate the remainder when n is divided by 60.
57
Suppose -19*q + 73 + 115 = -78. What is the remainder when 1340 is divided by q?
10
Let l = -9 - -18. What is the remainder when (-2)/(8/(-62))*2/1 is divided by l?
4
Let g(z) = -z**3 - 2*z**2 - 3*z - 2. Let k = -354 + 604. Suppose -k*n + 255*n = 50. What is the remainder when n is divided by g(-2)?
2
Let o = -24 - -24. Suppose -4*l + o + 52 = 0. Calculate the remainder when 102 is divided by l.
11
Suppose 14*n - 10*n + 326 = 5*t, 2*n - 178 = -3*t. What is the remainder when 2167 is divided by t?
59
Let u = -13189 + 13358. Calculate the remainder when 646 is divided by u.
139
Let m = -4670 + 4964. What is the remainder when m is divided by 27?
24
Let w be (-1 - (2 - 2)) + -4 + 12. What is the remainder when 39 is divided by 2/w*-12*70/(-40)?
3
Let b(d) = -d**3 + 3*d**2 - 3*d + 4. Let n be b(4). What is the remainder when n/132 - (-501)/33 is divided by 3?
0
Calculate the remainder when ((-107433)/346)/((-1)/2) is divided by 37.
29
Let h = 5851 + -5826. What is the remainder when 792 is divided by h?
17
Suppose 46*g + 0*g = -92. Calculate the remainder when 47 is divided by 2/(4 + g) + (-27 - -39).
8
Suppose -1 = q + 8*f, -4*f + 764 - 822 = -2*q. What is the remainder when 563 is divided by q?
11
Suppose 4*b = -b + 25. Suppose 5*n - 530 = -b*z, z = 3*z - 4*n - 218. Suppose 147*a - 132*a = 540. What is the remainder when z is divided by a?
35
Suppose 15 = -5*i, -5*i = 5*w - 0*i - 20. Let u(t) = -3*t**3 + 21*t**2 + 6*t + 1. What is the remainder when u(w) is divided by 13?
4
Suppose 7*t - 20 = -4*u + 11*t, 2*u + t = 1. Calculate the remainder when u + -2 + 392 + (-3 - -5) is divided by 36.
34
Let d(h) = 40*h - 530. Calculate the remainder when d(16) is divided by 37.
36
Suppose -9*b = -20293 - 3305. Calculate the remainder when b is divided by 35.
32
Let b(y) = 225*y - 3912. What is the remainder when b(29) is divided by 869?
6
Let k = -25 - -36. Suppose 234 = 5*o - k. Let h(i) = 2*i + 7. What is the remainder when o is divided by h(3)?
10
Let l(u) = u**2 + 4*u + 6. Let n be l(-4). Suppose n - 4 = -x. Calculate the remainder when ((-1 - -1)/x)/2 - -56 is divided by 15.
11
Let v(q) = -q + 20. Suppose 0*z + 3*z - 33 = 0. What is the remainder when -1 + 12 + 12/(-2) - -12 is divided by v(z)?
8
Let y(f) = -f**2 - 9*f + 8. Calculate the remainder when y(-6) is divided by -4 - 60/(-7) - ((-12)/28 - 0).
1
Suppose 0 = -11*i + 647 + 1366. Let k = i - 134. Calculate the remainder when k is divided by 9.
4
What is the remainder when 7028 is divided by 64/(-48)*-12 - -63?
76
Suppose -63*c + 62*c = -83. Let b = 91 - c. Calculate the remainder when 103 is divided by b.
7
Suppose -3*a = -3, -8*r = -3*r + 3*a + 112. Let w = r + 130. What is the remainder when w is divided by 36?
35
Let g = 9 - -5. Suppose -g*s + 11*s = -285. What is the remainder when s is divided by (-6 + 10)*((-99)/(-12) + -2)?
20
Let o(v) = 11*v**2 - 443*v + 167. What is the remainder when o(65) is divided by 102?
99
Suppose 3*c - 12*c = -27*c + 95130. What is the remainder when c is divided by 17?
15
Suppose -2*l + 3*v - 914 = 7*v, v + 4 = 0. Let h = l - -461. Calculate the remainder when 332 is divided by h.
8
Let c = 101 + -95. Suppose 0 = 2*d + 5*q + 23, -3*q - 16 = -1. Calculate the remainder when (3/(-6))/((-3)/c) is divided by d.
0
Let j = 123 - 117. What is the remainder when 108 is divided by 938/112 + j/(-16)?
4
Suppose 4*z = -5*x + 4, -2*x + 3*z = -0 + 3. Let o be (x + -2)*(36 + 3/(-3)). Calculate the remainder when o/(-35) + 376/(1*2) is divided by 49.
43
Suppose -4*q - 12 = -a + 15, 41 = a + 3*q. Calculate the remainder when 588 is divided by a.
28
Let l = 70 + -56. Let m(g) be the second derivative of g**4/12 - 5*g**3/2 + 13*g**2 - 20*g. Calculate the remainder when m(l) is divided by 6.
0
What is the remainder when 2951 is divided by 1/9 + (-181384)/(-1476)?
122
Suppose -32*o + 1761 + 607 = 0. Calculate the remainder when 3180 is divided by o.
72
Let m(o) = -460*o**3 - 4*o**2 + 6*o + 3. What is the remainder when m(-1) is divided by 47?
30
Let t be ((1/3)/(4/(-12)))/(-1). Suppose -6*h + 11*h = 240. What is the remainder when h is divided by (13 + -3)*(2 - t)?
8
Let u(h) = 2*h**2 + 10*h - 995. Suppose 4*p = 8 + 8. What is the remainder when u(-25) is divided by p?
1
Let x(u) = -65*u**2 + 34*u**2 + 2 - 11*u + 34*u**2 - 4*u. Suppose 5*t = 64 - 4. Calculate the remainder when x(6) is divided by t.
8
Suppose 596*m + 3785 = 65918 + 17135. Let t(u) = -4*u + 5. Calculate the remainder when m is divided by t(-10).
43
Calculate the remainder when 481 is divided by 5/45 - 222*(-12)/81.
19
Let z(j) = 32*j - 51. Suppose 0 = -4*t - h + 6, -5*h - 4 = -t + 8. Let f(g) = 2*g**2 + 10*g - 6. What is the remainder when f(-8) is divided by z(t)?
3
Let i be (-48)/32*-2*155. Suppose 0 = 5*p - k - i, p - 2*k + 0*k = 93. Calculate the remainder when p is divided by 12.
9
Suppose 0 = 17*z - 12*z - 265. Suppose -13 = 2*p - z. Let a = 163 - 125. Calculate the remainder when a is divided by p.
18
Let z = 13 + 18. Let b(c) = -118*c**3 - 32*c**2 - c + 1. Calculate the remainder when b